*h + 7*v - 164 = 4*v. Let y = h + -81. Suppose u = y*x - 3953, -1053 = -3*x - 3*u + 1923. Is x a composite number?
True
Let j(v) = 2*v - 8. Let t be j(10). Suppose k - t = -6. Is 4676/8 - k/(-4) prime?
False
Suppose 45*r - 1894007 = 1808630 - 1167652. Is r composite?
False
Let m be 7*3/(-6)*-2. Let u = 84 + m. Suppose -u*q + 95*q - 5020 = 0. Is q composite?
True
Suppose -6*t + 10*t = -2*t + 1252506. Is t prime?
False
Suppose 164*c - 58145 = 159*c. Let o = 26066 - c. Is o a composite number?
False
Suppose -3*j - 50 = -323. Suppose 0 = 6*c - j - 125. Let y = c - -17. Is y a composite number?
False
Let v be (4/(-14))/((-3)/42). Suppose -v*k + 21 + 39 = 0. Let w = 428 + k. Is w composite?
False
Let c be (4 + 986/5)*(-10)/2. Let d = -554 - c. Let a = d - 239. Is a a composite number?
True
Let h(s) = -13*s**3 + 7*s**2 + 2*s - 7. Let d(l) = -120*l**2 - 5*l - 1. Let p be d(-1). Let n = p - -111. Is h(n) composite?
False
Suppose -2*a - 2839 = 5659. Let h = 3466 - a. Is h composite?
True
Let q(a) = -a**3 - 2*a**2 - a - 75. Let m be q(0). Let s = m + 81. Is 4*3/6 + 2712/s a prime number?
False
Let r = 904084 + -497841. Is r a composite number?
True
Let t(l) = 2*l**3 + 5. Suppose 10 = -0*x + 5*x, -3*x + 211 = 5*k. Suppose k*c = 42*c - 7. Is t(c) a prime number?
True
Let j be (-164)/369 - 906295/(-9). Suppose 0 = -21*u + j - 11008. Is u a prime number?
True
Let k = 130597 + -66430. Suppose 0 = -6*i - 25389 + k. Is i composite?
True
Let k = 175 + -115. Let z = k + -16. Let t = z - -177. Is t a prime number?
False
Let x be 1/((0 - 6/(-3))/10). Suppose -2*d - 2*g + 8156 = 0, 2*d + 3*g + 12264 = x*d. Is d a prime number?
False
Is 38/((-190)/(-698445)) + 2 composite?
True
Let q = 140511 + -99068. Is q prime?
True
Let l(f) = -17647*f - 7873. Is l(-92) a composite number?
False
Let l be (19/(-38))/((-3)/2 - -1). Let y = l + 1. Suppose y*c = 1616 + 2694. Is c composite?
True
Let o = 270 + -307. Is 7505*2 + 41 + o a composite number?
True
Let j be (-86)/36*3*-9*6. Let p = j + 314. Is p a composite number?
False
Is ((-1)/(-4))/(37/5034812) a composite number?
False
Suppose 27*k = 2444 + 6277. Let y = -268 + k. Is y a composite number?
True
Let l be 4/6 - (17888/(-24) + -3). Let q = l - 54. Is q a composite number?
True
Suppose -2*q + 3154321 = 32*y - 27*y, -2523455 = -4*y - q. Is y composite?
False
Suppose 2194990 = 33*g - 825401. Is g prime?
False
Is (-4)/(-26) + -11 + 5315024/169 prime?
False
Let b(s) = 47*s**2. Let y be b(-1). Let p = 826 + -1600. Let l = y - p. Is l a prime number?
True
Is (-41985540)/(-318) + (-34)/(-2) prime?
True
Suppose -g = -4*w + 18, -4*g - 4*w - w = 72. Let q(v) = -27*v - 29. Let o(x) = -13*x - 13. Let c(k) = 5*o(k) - 2*q(k). Is c(g) composite?
False
Suppose -5*n = -39541 - 66969. Let p = 18171 + n. Is p prime?
False
Let f(k) = -8*k + 27*k - 14*k - 9*k - 17. Let b be f(-5). Suppose 2*q = -p + 1160, 1289 - 121 = 2*q - b*p. Is q composite?
True
Let u be 7/4 + (10/(-8))/(-5). Suppose -4*f + 4*d = -110720, -5*f + 169354 = u*d + 30975. Is f a composite number?
True
Let o(i) be the first derivative of -43*i**4/4 - 2*i**3/3 + i**2/2 - 27*i + 6. Is o(-5) prime?
False
Let z be 3 - (-2 + 2 + 7). Suppose 40 = -6*t + 70. Is (z + -1051)/((-2)/(-3 + t)) prime?
False
Let w = -62 + 65. Suppose w*u = 5*l + 1584, -5*u - 5*l + 2624 = -8*l. Is u a prime number?
True
Let r(d) = 7*d - 81. Let m be r(14). Let z(p) = -p**3 + 20*p**2 - 7*p + 31. Is z(m) a prime number?
False
Suppose 0 = 2*n + 19*b - 14*b - 13771, -5*n - 2*b + 34480 = 0. Is 2*(n/(-16))/(3/(-12)) a prime number?
True
Let w(r) = 57*r - 25. Let x(v) = -28*v + 2. Let m(p) = -3*w(p) - 5*x(p). Let c = 6 - 12. Is m(c) a composite number?
False
Let c(j) = 3956*j**2 + 14*j - 19. Is c(2) prime?
False
Suppose 64*k - 42 = 50*k. Suppose 5*w + 3*j = 20233, 0 = 2*w - k*w - 5*j + 4029. Is w prime?
True
Suppose -87*s - 2387844 = -123*s. Is s prime?
False
Suppose -245 + 205 = -4*m. Suppose -m*j + 10496 = -5134. Is j a prime number?
False
Suppose 4*z - 240080 = 7*x - 8*x, -240084 = -4*z - 2*x. Is z a composite number?
True
Let u = -17215 + 34506. Is u prime?
True
Suppose 145*i = 272*i - 66592069. Is i prime?
True
Suppose -3*k = -5*k - 5*f + 30, -4*k + 38 = -f. Suppose 69*m - k = 64*m. Suppose m*t + 8766 = 8*t. Is t prime?
False
Suppose -5*x - 3015 = 5*q, 0*q + 4*x = 3*q + 1816. Let g = 1237 + q. Suppose -3*v = -6*v + g. Is v composite?
False
Suppose -156*f - 1322392 = -5258116. Is f a composite number?
False
Suppose -2*u = -3*u - 2*t + 9, -4*u = 4*t - 28. Is 1*4644 - (0 - u) a prime number?
True
Let d be (0 + -1)/(18/(-72)). Suppose 4*y - d*o = 7*y - 10928, -2*o = y - 3646. Suppose -2*n = -5*n + 2*j + 2731, 0 = 4*n - 4*j - y. Is n prime?
False
Suppose 3*z = -2*b + 2*z + 5, -5*b - 2*z + 14 = 0. Let o(d) = 240*d - 41. Is o(b) composite?
False
Let c = -1568 - 7. Let x = -1812 - -1024. Let n = x - c. Is n a composite number?
False
Suppose 0*j = 3*j - 2*z - 4543, 0 = j + 4*z - 1505. Let t = 932 + j. Suppose -w - b = b - 487, 0 = -5*w - 5*b + t. Is w a prime number?
True
Let t(a) = 3139*a - 9. Let h be t(2). Suppose 3*n + 3*k = 2*k + 3760, -4*k = 5*n - h. Is n prime?
False
Let y = -637959 + 2658748. Is y composite?
False
Let t be -2 - (3 + (0 - 4)) - -7. Suppose t*l + 6*l + 167712 = 0. Is 4/22 - l/88 prime?
False
Is 303*(-4)/(-10)*(-90120)/(-144) composite?
True
Suppose u = -0*u + 3. Let i be (-63)/(-21)*2/u. Suppose -4 = -i*t, w - 516 + 121 = -3*t. Is w a prime number?
True
Is 100166/(-121)*(-189)/2 - (-4)/22 composite?
False
Suppose -56*z - 22*z + 4950828 + 34939074 = 0. Is z a composite number?
False
Suppose 0 = -4*y + 307 + 6885. Suppose -5*b - y = -11033. Is b a composite number?
False
Let h = 282 - 294. Is (-22)/4*(-8)/h*-69 composite?
True
Suppose 1 = 5*o - 34. Suppose 11509 = o*c + 10*c. Is c a composite number?
False
Suppose -a + 3*q = -96452, 5*a - 432*q - 482302 = -431*q. Is a composite?
False
Let g(r) be the second derivative of -r**5/20 + r**4/2 + 7*r**3/6 + r**2/2 + 9*r. Let w be g(7). Is (164 - (-6 - -3))/w composite?
False
Suppose 11*d + k - 246032 = 8*d, 0 = d - 4*k - 81989. Is d a prime number?
True
Suppose 200898290 = 1279*u - 969*u. Is u a composite number?
False
Suppose -2*l = -4*g - 1186, 3*g - 2383 = -2*l - 2*l. Suppose l*q - 597*q = -314. Is q a prime number?
True
Let v be 231/44 + 8/(-32). Suppose 0 = -5*l + v*g + 316210, 0 = -14*l + 9*l + 4*g + 316209. Is l a prime number?
True
Suppose -502959 = -24*v + 5445369. Is v a composite number?
False
Let b be ((12/(-5))/(-3))/(13/(-65)). Let g = -3626 + 2568. Is (b - 21/(-6))*g composite?
True
Suppose 41*c - 39*c = 120. Let g = c - 57. Suppose g*v + f - 2107 = 0, 0 = v + 5*f + 75 - 768. Is v prime?
False
Let o(r) = 2*r**2 - 203*r - 231. Is o(-118) composite?
True
Let u be ((-113568)/144)/((-2)/39). Suppose 3*a - 4612 - 4628 = -3*c, 5*a - 2*c - u = 0. Is a prime?
False
Suppose -4*p + 3*r = 4*r + 41325, 20680 = -2*p - 4*r. Is 1 + p/15*-6 a prime number?
True
Let f(c) = 107*c + 139. Suppose 122 = h + 108. Is f(h) a composite number?
False
Let r be (-4)/(-6)*-7*12/(-28). Let f = 1 - 0. Is (f/r)/((-8)/(-4016)) prime?
True
Suppose -4*d = -l - 5744, 5*d + 3*l - 7180 = 7*l. Suppose -6*u + d = -322. Is u a prime number?
True
Let o = 880680 - 477073. Is o prime?
True
Suppose 28*a = d + 32*a - 247963, -4*a - 744001 = -3*d. Is d a prime number?
True
Suppose w - 5*u = 30333, 5*w = -5*u + 241619 - 89834. Is w composite?
True
Let c = 43414 - -71457. Is c composite?
True
Let r = 202 + -202. Suppose 0 = -4*i - r*o + 3*o + 5279, -5*i + 2*o = -6597. Is i composite?
False
Let v(w) be the second derivative of 107*w**3/3 + 13*w**2 + 25*w. Let i be v(7). Let z = 529 + i. Is z composite?
False
Suppose 50 = 5*q - 4*r - 27, -5*q - 4*r = -53. Suppose 0 = k + q*k - 10542. Is k composite?
True
Suppose 4*y = 2*c + 124, y - 22 = c - 5*c. Suppose -y = -7*f - 2. Suppose m - 213 = -5*z + 2842, -3*m = -f*z - 9089. Is m composite?
True
Suppose -14*d + 3858345 = 61*d - 30*d. Is d a prime number?
False
Let q = -8260 + 16407. Is q a prime number?
True
Let j = -20361 + 39650. Is j prime?
True
Let i be 100424/(-14) - -3*(-3)/(-63). Let k = i + 13642. Is k a prime number?
True
Is (-29 + 28)/((-52)/24 - -2) + 39697 composite?
False
Suppose -244*c - 5*k + 2430588 = -243*c, -5*c - 4*k + 121528